t) = 4*t - 2 - 2 - 9. Let v(h) = 5*h - 14. Let x = -7 - -4. Let y(z) = x*v(z) + 4*p(z). Give y(0).
-10
Suppose 10*r + 27 = 37. Let s(f) = -5*f**3 + 2*f**2 - f. What is s(r)?
-4
Let t(d) = -17*d**3 - 7*d**2 - 4*d - 1. Let i(g) = -21*g**3 - 9*g**2 - 5*g - 2. Let w(j) = -4*i(j) + 5*t(j). Give w(0).
3
Let o(i) = -i**3 + i**2 + i + 2. Let r be o(0). Let l(b) = 3*b**2 - b - 4. Determine l(r).
6
Let d(m) = 10*m + 5*m + 0 - 20*m + 4 - 1. Calculate d(7).
-32
Let j(u) = 14*u - 11 - 83*u**2 - 52*u**2 + 133*u**2. Determine j(7).
-11
Let w be ((-1 + 20/12)*3)/1. Let t(x) = -2*x**2 + 11*x + 1. Let r(h) = -2*h**2 + 13*h + 1. Let g(l) = -5*r(l) + 6*t(l). Determine g(w).
-5
Let t(y) = 2*y**2 + 257*y - 2180. Let o be t(8). Let f(a) = -3*a - 1. Let n(m) = 16*m + 6. Let d = -20 - -9. Let i(z) = d*f(z) - 2*n(z). Determine i(o).
3
Let v(s) = -19*s**2 - 12*s + 8*s**2 + 15 + 36*s**2 - 27*s**2. Determine v(-7).
1
Let y(c) = c**2 - 6*c - 1. Let a be (-3)/(-6)*(-5 - (-13 - 10)). What is y(a)?
26
Let i(l) = -l**3 - 8*l**2 + l + 9. Let d be ((-339)/6 - (-2)/4)/1. Let t = d - -48. What is i(t)?
1
Let d(y) = -13*y - 2. Let v(f) = 17*f + 1. Let w(o) = 4*d(o) + 3*v(o). What is w(-2)?
-3
Let d = -7 + 5. Let l be ((-1)/d)/((-2)/(-20)). Let b(u) = -u**2 - 2*u - 5. Let z(v) = -v**2 - v - 4. Let c(o) = l*b(o) - 6*z(o). What is c(5)?
4
Let g(i) be the third derivative of i**5/60 + 7*i**4/12 + 17*i**3/2 + i**2 + 13*i. Calculate g(-8).
3
Let w(a) = -3*a - 4. Let d(i) = 10*i + 13. Let l(n) = -2*d(n) - 7*w(n). Let q be 4 + (1 - 5) + 14. Let p be 18/(-63) + (-38)/q. Calculate l(p).
-1
Let t(j) = j**2 + 6*j + 6. Suppose 6*h - 2*h + 40 = 4*o, 0 = 3*o - h - 32. Suppose -o - 13 = 4*x. Give t(x).
6
Suppose -8 = -12*a + 4. Let z(w) be the second derivative of 1/6*w**3 + 0 + 0*w**2 + 0*w**4 + 2*w - 3/10*w**5. What is z(a)?
-5
Let t(p) = p**3 + 5*p**2 + p + 4. Let n(h) = -h**3 + h**2 - h - 5. Let i be n(0). Determine t(i).
-1
Suppose -6 = 124*m - 127*m. Let j(r) = 2 - r**3 - 3*r - 7*r**m - 4*r + 0*r - 7. Calculate j(-6).
1
Let k(d) = -d**3 - 2*d - 1. Let q = 15 - 12. Suppose 0 = j - q*j - 4*r - 16, 5*r + 9 = 3*j. Calculate k(j).
11
Let j(u) = -8*u**3 + 21*u**2 - 14*u + 31. Let i(t) = -t**3 + t**2 + 3. Let p(b) = 7*i(b) - j(b). Give p(13).
3
Let s(w) = w**3 - w**2 + 2*w. Let c(v) be the second derivative of 13*v**5/20 - v**4/4 + 7*v**3/6 - v**2/2 - 54*v. Let y(d) = -c(d) + 3*s(d). What is y(1)?
-10
Suppose -50 = 2*l + 8*l. Let u(s) be the first derivative of s**2 + s + 2. Give u(l).
-9
Suppose 0 = -3*n + 107 + 118. Let w = 75 - n. Let d(r) = r + 21. Calculate d(w).
21
Let t(b) be the second derivative of -b**3/2 - 3*b**2 - b. Calculate t(-5).
9
Let q(c) be the third derivative of c**5/60 - 2*c**2. Let x(z) = -z + 10. Let k be x(11). Let s(w) = -w + 1. Let m(d) = k*q(d) - 4*s(d). Calculate m(4).
-4
Let y(b) = -4*b - 1. Let l(r) = r + 11. Let k be l(-9). Calculate y(k).
-9
Let j(n) = -2*n**2 + 19*n + 8. Let y be j(10). Let c(d) = -2 + d - 2*d - d. Determine c(y).
2
Let t(n) = 3*n + 10*n + 3*n - 4 - 6*n. Let y(r) = -8*r + 3. Let k(d) = 2*t(d) + 3*y(d). Let i = -2 - -1. Calculate k(i).
5
Let s(w) = -22*w**2 + 23*w - 32. Let c(u) = 5*u**2 - 6*u + 8. Let x(l) = -9*c(l) - 2*s(l). What is x(7)?
-1
Let h = 16 - 15. Let z be h + -1 - (-2)/(-2). Let l(s) = -4*s + 1. What is l(z)?
5
Let q be 6/8 - 20/(-16). Suppose -4*n - 2*s + q = 0, -4*n + 6*s - 3*s = -27. Suppose -b = b + 6, -4*b = -n*c + 12. Let k(m) = -m**2 - m + 6. Calculate k(c).
6
Suppose 0 = -3*o - 2*c - 1, -35*c + 32 = -4*o - 30*c. Let x(z) = -4*z - 17. What is x(o)?
-5
Let b(r) = -3*r - 20. Let o(t) = 4*t + 30. Let i(q) = 5*b(q) + 4*o(q). Determine i(-19).
1
Let g(y) be the second derivative of y**4/4 + 6*y**3 + 5*y**2/2 + 87*y. What is g(-12)?
5
Suppose -4*q - 129 = -5*d, -72 = d - 4*d - 3*q. Let l = 19 - d. Let h(i) = -i + 24. Let w(m) = 8. Let x(u) = -2*h(u) + 7*w(u). Determine x(l).
-4
Let l(z) be the third derivative of 0*z - 1/24*z**4 + 18*z**2 + 0 + 0*z**3. Give l(-2).
2
Let u(n) = 5*n**2 - 4*n**2 - 5 - 5*n - 2*n**2. Suppose 16*f - 11*f = 5. Let a be (3/(-2) + f)*12. Calculate u(a).
-11
Let x(k) be the first derivative of -k**4/4 + 7*k**3 - 11*k**2 + 39*k + 218. Give x(20).
-1
Suppose -2*m - 2*m = -4. Let u be ((-1 - -1) + m)*5. Suppose -3*j = u + 1. Let g(z) = z**2 - z - 1. Give g(j).
5
Let c(k) be the first derivative of -2*k**2 + 17*k - 10. Calculate c(7).
-11
Let v(h) = h**2 + h - 1. Suppose -5*x = 25, j - 2*j + 23 = -4*x. Suppose m + 1 = p + 2, 0 = j*m - 5*p - 11. What is v(m)?
5
Let a(v) = v**3. Suppose -u + 5*u - 4 = 0, 4*j = 5*u + 95. Let l = -24 + j. Calculate a(l).
1
Let p(a) = 5*a + 5. Suppose -60 = 86*t - 66*t. What is p(t)?
-10
Let k(z) = -9*z + 1. Let t(c) = 13*c - 1. Let r(d) = 4*k(d) + 3*t(d). Calculate r(-3).
-8
Let h(q) = 71 - 2*q + 8 - 71 - q**3 - q**2. Determine h(0).
8
Let y(g) = 8*g**2 + g - 9 - 9*g - g**3 + 8. Determine y(7).
-8
Let b(o) be the second derivative of 7*o**4/12 + 5*o**3/6 + 2*o**2 + 15*o. Let i(c) = -6*c**2 - 6*c - 5. Let g(h) = 6*b(h) + 5*i(h). What is g(-1)?
11
Let t be -6*2 + 4400/715 - 4/26. Let w(d) = -4*d + 6. Let f(n) = -n - 1. Suppose -3 - 1 = -4*m. Let v(o) = m*w(o) - 5*f(o). Calculate v(t).
5
Let r = 2 + -2. Let k(c) = 3 + 1083*c**2 - 2170*c**2 + 1086*c**2. What is k(r)?
3
Let a be 3 + 0/(0 + -1). Let v(w) = -1187*w + 5*w**2 + 3 + 32*w**3 - 33*w**3 + 1182*w. Give v(a).
6
Let t(z) = z**3 + 6*z**2 - 15. Suppose 0 = 5*v - 5*x + 40, 5*v - 720 = x - 752. Calculate t(v).
-15
Let u be 6/(-8) - (-55)/20. Let j = -4 - -6. Let b(w) = w - 2*w**2 + w**u - 8*w**2 - j*w + 1. Give b(1).
-9
Let v = 63 - 39. Let n be 3/9 - v/18. Let o(d) = -d. Calculate o(n).
1
Suppose 0 = 4*n + 2*j - 78, 2*n - 3*n + j + 24 = 0. Let t(s) = s - 27. Calculate t(n).
-6
Let g(y) = y**2 + y. Let j = 139 - 206. Let h = -69 - j. Determine g(h).
2
Let n(u) = 2*u**3 + 12*u**2 + 13*u + 9. Let r(a) = -3*a**3 - 18*a**2 - 19*a - 13. Let d(x) = 7*n(x) + 5*r(x). Suppose 0 = -g - 9 + 4. Give d(g).
-7
Let j be 1*((0 - -6) + -7). Let o(k) = -6*k**2 - 2*k - 1. Calculate o(j).
-5
Let n(d) = 18*d - 11. Let b(p) = -7*p + 5. Let c(s) = -5*b(s) - 2*n(s). Let x be 6*(2 + 12/(-9)). Let g = -4 + x. Determine c(g).
-3
Let d(i) = -9*i**2 + 16*i - 11. Let r(a) = -3*a**2 + 6*a - 4. Let h(o) = -4*d(o) + 11*r(o). Determine h(-3).
21
Let k(a) = -53 + 62 + 16*a + a**2 - 4*a**2 + a**2 + 5*a. What is k(11)?
-2
Let g(s) = 11*s + 1. Let m = -8 + 10. Suppose -m*x = -2*n - 3*x + 43, 2*x = -2. Let q = 23 - n. Calculate g(q).
12
Let q(c) = 3*c**2 - 14*c - 21. Let t(u) = 6 - 17 + 504*u**2 - 7*u - 502*u**2. Let i(h) = 3*q(h) - 5*t(h). Give i(-8).
-16
Suppose -4*v = 4 - 40. Suppose v - 19 = 2*w. Let m(i) = i**2 + 6*i + 6. What is m(w)?
1
Let x(z) = -6*z - 6*z**3 + 12*z + 7*z**3 - 11 + 0*z + 9*z**2. What is x(-8)?
5
Let s be (-7)/2*(-36)/21. Let q(n) = 9*n - 16*n + s*n - 1 + 0. Determine q(-8).
7
Let l = -6410 - -6414. Let n(s) = -s**3 + 4*s**2 - s + 2. Let i(x) = -2*x**3 + 8*x**2 - 2*x + 3. Let t(k) = -6*i(k) + 11*n(k). Calculate t(l).
8
Let b(y) = -26*y**2 + y - 1. Suppose -4 - 14 = -9*d. Let r be 3/24*4*d*1. Give b(r).
-26
Let g be (-23)/(-69)*4/((-4)/(-27)). Let s(k) = k**3 - 8*k**2 - 9*k - 10. Determine s(g).
-10
Let y = 19 - 10. Let z be y/(-3) - 1*-7. Let s(x) = -1 - 3*x**2 - x**3 + z*x**2 - x - 4*x**2 + x**2. Give s(-2).
1
Let b be 1/(-1) + 8 + -5. Suppose -12 = -l - b*l. Suppose -5*h - 3*j = 2, 4*j = l*h + h - 26. Let x(t) = -2*t**2 - 2*t + 3. Calculate x(h).
-9
Let k(m) = -46 + 6*m**2 + 41 - 3*m**2 + 3*m - 2*m**2. Let p be (11 + 1)*5/15. What is k(p)?
23
Let n = 219 + -199. Let v(z) = -z**3 + 19*z**2 + 21*z - 19. Determine v(n).
1
Let w(z) = -3 + 6 + 19*z + z**2 - 22*z. What is w(3)?
3
Let f(j) = -j**3 + 10*j**2 + 2*j - 11. Let b be 1/((-3)/45 - 5/(-30)). What is f(b)?
9
Let x(w) = -w**3 - 7*w**2 - 5*w - 9. Suppose 3*b - 145 = -13. Suppose -4*r - b = -3*z + 7*z, -5*z - 3*r = 45. Calculate x(z).
-15
Suppose -21 = 3*v - 5*b, b - 45 = -v - 44. Let s(i) = -8*i - 3. Determine s(v).
13
Let d(u) = -10*u. Let r(m) be the first derivative of m**2/2 - m - 12. Let h(z) = d(z) + 5*r(z). Calculate h(-4).
15
Let q(x) = 10*x**2 + 19*x + 14. Let w(c) = -7*c**2 - 13*c - 9. Let t be (4 - 0) + -11 + 14. Let n(m) = t*w(m) + 5*q(m). What is n(-5)?
12
Let v(t) = -t**3 + 2*t**2 + 